{"id":659,"date":"2024-09-08T21:55:59","date_gmt":"2024-09-08T21:55:59","guid":{"rendered":"https:\/\/biomimesiscaribe.org\/?post_type=product&#038;p=659"},"modified":"2024-09-11T15:47:21","modified_gmt":"2024-09-11T15:47:21","slug":"encuentra-la-funcion","status":"publish","type":"product","link":"https:\/\/biomimesiscaribe.org\/?product=encuentra-la-funcion","title":{"rendered":"Encuentra la funci\u00f3n."},"content":{"rendered":"<p>Todo lo que nos rodea, desde lo m\u00e1s peque\u00f1o hasta lo m\u00e1s grande, desempe\u00f1a una o varias funciones; todo contiene dise\u00f1os que han evolucionado para cumplir un prop\u00f3sito. <strong>Encuentra la funci\u00f3n<\/strong> es un conjunto de tarjetas basadas en la Taxonom\u00eda de la Biom\u00edmesis del Biomimicry Institute, que contiene los nombres de diversas funciones que encontramos tanto en la naturaleza como en los dise\u00f1os humanos.<\/p>\n<p>En la biom\u00edmesis, la funci\u00f3n juega un papel fundamental, ya que act\u00faa como un puente entre los desaf\u00edos humanos y la biolog\u00eda. Es esta conexi\u00f3n la que nos permite acudir a la naturaleza en busca de lecciones que podemos aplicar para encontrar soluciones a nuestros retos.<\/p>\n<p>Al identificar las funciones, comenzar\u00e1s a ver un mundo lleno de conexiones, navegando f\u00e1cilmente entre los dise\u00f1os humanos y la naturaleza, as\u00ed como entre distintas disciplinas. <strong>Encuentra la funci\u00f3n<\/strong> de lo que te rodea y comienza a construir puentes que contribuyan a un planeta positivo.<\/p>\n","protected":false},"excerpt":{"rendered":"<p>Todo lo que nos rodea, desde lo m\u00e1s peque\u00f1o hasta lo m\u00e1s grande, desempe\u00f1a una o varias funciones; todo contiene dise\u00f1os que han evolucionado para cumplir un prop\u00f3sito. Encuentra la funci\u00f3n es un conjunto de tarjetas basadas en la Taxonom\u00eda de la Biom\u00edmesis del Biomimicry Institute, que contiene los nombres de diversas funciones que encontramos [&hellip;]<\/p>\n","protected":false},"featured_media":377,"template":"","meta":[],"product_cat":[15],"product_tag":[],"_links":{"self":[{"href":"https:\/\/biomimesiscaribe.org\/index.php?rest_route=\/wp\/v2\/product\/659"}],"collection":[{"href":"https:\/\/biomimesiscaribe.org\/index.php?rest_route=\/wp\/v2\/product"}],"about":[{"href":"https:\/\/biomimesiscaribe.org\/index.php?rest_route=\/wp\/v2\/types\/product"}],"wp:featuredmedia":[{"embeddable":true,"href":"https:\/\/biomimesiscaribe.org\/index.php?rest_route=\/wp\/v2\/media\/377"}],"wp:attachment":[{"href":"https:\/\/biomimesiscaribe.org\/index.php?rest_route=%2Fwp%2Fv2%2Fmedia&parent=659"}],"wp:term":[{"taxonomy":"product_cat","embeddable":true,"href":"https:\/\/biomimesiscaribe.org\/index.php?rest_route=%2Fwp%2Fv2%2Fproduct_cat&post=659"},{"taxonomy":"product_tag","embeddable":true,"href":"https:\/\/biomimesiscaribe.org\/index.php?rest_route=%2Fwp%2Fv2%2Fproduct_tag&post=659"}],"curies":[{"name":"wp","href":"https:\/\/api.w.org\/{rel}","templated":true}]}}